ue
Let w(s) = 3*s**2 + 2*s - 2. Suppose m = 3*m - 18. Suppose -2*c - m = 3. Is w(c) a prime number?
False
Let t = -5 + 1. Let j(l) = -8*l + 4. Let y be j(t). Suppose -r = -2*g + 33 + y, 3*g - 106 = r. Is g composite?
False
Let o(m) = 7*m**3 + 3*m**2 - 3*m + 1. Let u be o(3). Let d = -119 + u. Is d a prime number?
True
Suppose -2*r - j = -933, -2*r + 0*j + 943 = -j. Is r a prime number?
False
Suppose o = 4*w + 227, 0 = o - 3*o - 5*w + 467. Suppose s = o - 70. Is s composite?
True
Let j(t) = -15*t + 13. Let k be j(-10). Suppose -4*p - 5*o = -0*p - 7, -3*p + 3*o = -12. Suppose 4*l - k = p*l. Is l composite?
False
Let i(q) = -122*q**3 - 2*q**2 - 6*q - 9. Is i(-2) a composite number?
False
Let r = 501 - -320. Is r prime?
True
Let c(l) be the third derivative of l**7/60 - l**6/360 + l**5/60 - l**4/24 - l**3/2 - 3*l**2. Let u(f) be the first derivative of c(f). Is u(1) a prime number?
False
Suppose -16 = -u - 3*u, q + 5*u = 4303. Is q a prime number?
True
Is -3 + (-8724)/(-3) + -2 a prime number?
True
Let x = 33 + 13. Suppose 9 = 2*a - 2*p - 3*p, -a + 4*p + 6 = 0. Suppose -b = -a*b + x. Is b a prime number?
False
Let w = -1 + 5. Suppose -w*i = 2*y - 110 - 78, -4*i = -2*y - 204. Suppose -4*r + i = -r + 5*u, u - 19 = -r. Is r a prime number?
True
Let c(d) = d**2 + 116. Let r be c(0). Suppose -464 = -4*w - r. Is w a composite number?
True
Let f = -66 - -253. Is f prime?
False
Suppose -4*p - 2198 = -5*f, 4*f - 1780 = -3*p - p. Suppose -f = -w + 25. Is w prime?
True
Suppose -4*l - 56 = -0*l. Let x be (-90)/(-21) - (-4)/l. Suppose 95 = x*w + w. Is w composite?
False
Suppose 0 = -12*k + 3834 + 1290. Is k a prime number?
False
Is (-5508)/(-21) - -3 - (-4)/(-14) a prime number?
False
Let x(l) = l**3 + 6*l**2 - 6. Let v be x(-6). Let a be (-10)/v - (-2)/6. Is a/8 + (-2975)/(-20) a composite number?
False
Let r(a) = 3*a - 1. Suppose -2*b = 2*b - 32. Is r(b) composite?
False
Let u(i) = 2*i**2 + 8*i + 7. Let n be u(11). Suppose 0*l + n = l. Is l prime?
True
Let m(l) = -2*l - 1 + 15*l**2 - 3*l**3 + 2*l**3 - 3 - 1. Is m(6) prime?
True
Let i = 144 - 25. Is i a prime number?
False
Let y = -658 + 1331. Is y prime?
True
Suppose 0 = -w - 4*o + 20, -8 = 2*o - 4*o. Suppose 0*u = w*u + k - 840, -u + 3*k = -223. Is u prime?
True
Let f(i) = -i**3 + 21*i**2 - 8*i - 1. Is f(8) composite?
True
Is ((-826)/(-6))/(6/18) prime?
False
Let i(h) = -h**2 - 6*h + 4. Let p be i(-6). Let m(u) = -u - 1. Let j(v) = 5*v + 2. Let x(b) = j(b) - 3*m(b). Is x(p) a prime number?
True
Let u be (9/(-2))/(1/(-2)). Suppose 2*q = 2*z + 44 - 6, -3*z - 71 = -4*q. Suppose s + 10 = 2*x - u, x = -s + q. Is x a prime number?
True
Suppose 0*a - 2*a = 0. Suppose 0 = 2*m + 3*y - 30 - 5, a = 4*m - 3*y - 97. Is m composite?
True
Let b be (-1)/((-177)/(-90) - 2). Suppose -4*h + 368 = -5*r, -h = -4*r + b - 111. Is h prime?
True
Suppose j + 4*j + 10 = -2*o, o + j = -11. Let t be 6/o - (-294)/10. Let q = 51 - t. Is q a composite number?
True
Suppose -3*a = 2*a - 10. Suppose 0 = -5*m + 2*z + 551, 2*z + a*z - 424 = -4*m. Is m a composite number?
False
Let h(k) = -7*k**3 + 2*k**2 - 2*k - 2. Is h(-3) composite?
False
Let r(x) = -40*x + 3. Let n(f) = -120*f + 10. Let a(w) = -4*n(w) + 11*r(w). Is a(3) a composite number?
False
Let o be (-1784)/6 + -7*2/(-42). Let h = 952 + -444. Let a = h + o. Is a a composite number?
False
Let c(g) = g**3 + 7*g - 1. Is c(5) a composite number?
True
Let u(o) = -2*o - 3. Let a be u(-4). Suppose 0 = 4*p + p - 2*t - 475, -4*p + 380 = a*t. Is p prime?
False
Let j = -156 - -278. Suppose -288 = 4*v - b, -3*b - j = 2*v + 2*b. Let z = v + 124. Is z composite?
False
Let c = -4 - -7. Suppose -c*s + 2 = -61. Is s prime?
False
Let z be (-6)/9*-243 - 2. Let a = z + -45. Is a a composite number?
True
Let u(p) = 14*p**2 - 2*p - 1. Let h(i) = -42*i**2 + 5*i + 3. Let a(m) = -3*h(m) - 8*u(m). Suppose w - 2 = -4. Is a(w) prime?
True
Let u(n) = 2*n**3 + 2*n**2 - 3*n + 9. Is u(4) prime?
True
Let v(s) = -2*s**2 - 8*s + 6. Let k(x) = -5*x**2 - 23*x + 17. Let t(y) = -3*k(y) + 8*v(y). Is t(3) composite?
False
Let x(k) = k**2 - 3*k - 2. Let z be x(4). Is (-386)/(-4) + z/4 composite?
False
Let d = -2336 + 3861. Suppose -5*u + d = -1630. Is u a prime number?
True
Suppose -2*p - 85 = 5*a, -2*a = a - 9. Is (-2 - -1)*p + 3 prime?
True
Let x = 117 + -22. Suppose -2*q + x = 3*q. Is q composite?
False
Suppose 2*d - 1 - 11 = -q, 2*q + d - 12 = 0. Suppose 0 = q*j + j - 795. Is j a composite number?
True
Let a(g) = 147*g**2 + g. Let k(f) = f**2 - 2*f - 1. Let o be k(2). Is a(o) a composite number?
True
Let m(l) = -30*l + 9. Let v be m(12). Let y = v - -632. Let h = y - -138. Is h prime?
True
Let l(h) = -h**3 - 4*h**2 + 3*h. Let u be l(-4). Is ((-18)/u)/(9/42) a prime number?
True
Let z be -1 - 3*(-2 - 1). Let r = -5 + 9. Suppose z = 2*v - r*i, 4*i + 15 = 3*v - i. Is v a prime number?
False
Let x(s) = -s**2 - 8*s - 3. Let k be x(-8). Is 249/(-2)*2/k prime?
True
Suppose -i + 8 = t, i + 5*t - 20 = -0. Suppose -4*b + 683 = -b - 5*h, 3*b + 4*h = 674. Suppose 0 = i*f + 3*w - b, f - 100 = -f + 2*w. Is f prime?
True
Let m be 6*((-14)/(-4) + -3). Let f(j) = m + 2 - 4*j - 3. Is f(-8) a composite number?
True
Let l = -1014 + 1507. Is l a composite number?
True
Suppose 2*p - 2*y - 216 = 0, -5*p = 3*y + 18 - 542. Suppose 3*s - s - p = 0. Is s composite?
False
Let j(h) = -2 - 12*h + 2. Let b(u) = -35*u. Let g(d) = -5*b(d) + 14*j(d). Is g(5) a composite number?
True
Suppose -6*r + 335 = 5. Is r prime?
False
Let w(k) = 110*k**2 + k. Let v be ((-3)/(-2) - 2)*2. Is w(v) a prime number?
True
Let t(w) = 15*w - 22. Is t(9) prime?
True
Let d(h) = -2*h**3 - 2*h**2 + 1. Is d(-3) a prime number?
True
Let h = 100 - 8. Let q = h - 33. Suppose -3*r = -r - 5*c - q, 4*r - 145 = c. Is r prime?
True
Let b(s) = 12*s**2 - 4*s + 3. Is b(7) prime?
True
Suppose -3*x - 2*u = -4, -3*x - 29 = -3*u - 8. Is (3 - -36) + (x - 0) a prime number?
True
Let o(r) = r**3 - r**2 + r + 20. Let u be o(0). Is u/(-6)*78/(-4) composite?
True
Let l(p) = p - 3. Let s = 5 + -2. Let r be l(s). Suppose 3*c = 2*q - 110, 5*c + r*c - 29 = -q. Is q composite?
True
Let y be (-325)/10 - 1/2. Let q be (-1 - 1)*y/2. Is 1*q/6*4 a prime number?
False
Suppose -4*j = -j - 12, 5*y - 5*j = -140. Let m = -4 - y. Suppose 3*z + 2*z = -m, 3*a = -z + 29. Is a a composite number?
False
Is (-6 - -5264) + -2 + 5 a composite number?
False
Let b(t) = 11*t**2 + 2*t + 3. Is b(-8) composite?
False
Suppose -2*k + 1 - 15 = -4*r, -r - k = -2. Let z(q) be the first derivative of 4*q**3/3 - q**2/2 + 4*q - 2. Is z(r) composite?
False
Suppose -4*i = 4*l - 496, -i - l = -5*i + 511. Is i prime?
True
Let q(t) be the first derivative of -109*t**2/2 - 4*t + 7. Is q(-5) a composite number?
False
Suppose -2*g + 3*g = 2. Suppose -g*p - 4*n = -158, -4*n + 322 = 5*p - 91. Is p a prime number?
False
Let h = -649 - -1544. Suppose 2*z = -3*z + h. Is z prime?
True
Let m be (-2577)/(-6) - (-3)/(-6). Suppose -3*z + 6*z - m = 0. Is z a composite number?
True
Suppose 0 = -j + 2*j - 93. Suppose -j = -0*k - 3*k. Is k a prime number?
True
Suppose -68 = u - 170. Let t = u - -13. Let j = -78 + t. Is j a composite number?
False
Let f be (-164)/12 + (-3)/9. Is (-13290)/(-42) + (-8)/f prime?
True
Let i = 4 + 0. Let a be 305/i + 3/4. Suppose b - a = -4*l, 2*l = 1 + 3. Is b prime?
False
Let k(z) = -2*z**2 + 10*z + 5. Let l be k(5). Suppose 4*n + 3*p = -p + 728, l*p - 15 = 0. Is n composite?
False
Let l(v) = v**2 - 7*v + 4. Let j be l(7). Let b(s) = 3*s**2 + 0 - 1 - j*s**2 - 9*s. Is b(-4) a prime number?
True
Let a(l) = l**3 + 2*l**2 + 2. Let h be a(-2). Suppose -h*y + 3 = -1. Is 3/(-6)*y*-35 prime?
False
Let o = 1059 - -1000. Is o a prime number?
False
Suppose 5*n + 35 = -15. Let p be 32/(-3) + n/(-15). Is (-4)/(-6)*(-105)/p composite?
False
Let w(d) = 19*d**2 + d - 7. Let g be w(-5). Suppose 462 = 4*x - 2*x + 4*n, -2*x + g = 3*n. Is x prime?
True
Let n = 4313 - 2506. Is n prime?
False
Suppose -1 = v - 3. Let h(r) = r**3 - 3*r + 4*r**2 + 2*r**2 - 5*r**2 + 1. Is h(v) a prime number?
True
Let y = -1 + -7. Let b = 14 + y. Is 514/6 - 4/b a composite number?
True
Suppose -7*l = -3*h - 2*l + 380, -3*l = -15. Suppose -h - 130 = -5*k. Is k a prime number?
True
Let k = -31 + 51. Suppose k = q + 3*q. Let b(f) = 17*f - 2. Is b(q) a prime number?
True
